411557431 composite?
False
Is 4960530077 a composite number?
True
Is 171254089 prime?
False
Is 264684361 prime?
False
Is 1482664763 prime?
True
Is 265150349 composite?
False
Is 566166571 a prime number?
True
Is 972672091 a prime number?
False
Is 70017301771 composite?
True
Is 9126816173 a prime number?
False
Is 329701772731 a prime number?
True
Is 2479264157 a prime number?
False
Is 48400550441 composite?
True
Is 201828601 a prime number?
False
Is 33617348561 a composite number?
True
Is 1901304631 composite?
True
Is 2120057963 a composite number?
True
Is 3635916917 a composite number?
False
Is 13440513313 prime?
True
Is 372083627 a prime number?
False
Is 602048717 a prime number?
False
Is 76046397133 a composite number?
True
Is 2282005003 a prime number?
True
Is 427689211 prime?
True
Is 192633658213 a composite number?
True
Is 3538798139 a composite number?
False
Is 11037409261 composite?
False
Is 1692523871 a composite number?
False
Is 18469601713 prime?
True
Is 8461022243 a composite number?
False
Is 160135656487 a prime number?
False
Is 5220103661 prime?
True
Is 14996749 composite?
True
Is 1320940541 a composite number?
False
Is 7743371003 a prime number?
False
Is 33815029166 a prime number?
False
Is 1214275483 a prime number?
False
Is 2867325623 composite?
False
Is 5649724501 composite?
False
Is 4524015833 a prime number?
True
Is 56377211 composite?
True
Is 87611663 composite?
False
Is 5205546911 a composite number?
True
Is 685642019 a composite number?
True
Is 2551202491 a prime number?
False
Is 2022394529 a prime number?
False
Is 16380149161 prime?
True
Is 326750101 a prime number?
True
Is 909106483 a composite number?
True
Is 544452401 a prime number?
True
Is 1543888057 composite?
True
Is 253830023 a prime number?
False
Is 179635103273 a prime number?
True
Is 28306367 a composite number?
False
Is 682255351 composite?
False
Is 11111985697 a composite number?
False
Is 71613191539 a composite number?
True
Is 3836970949 a composite number?
True
Is 597262823 a prime number?
True
Is 310586833 prime?
True
Is 17922887987 composite?
True
Is 27191621489 a prime number?
True
Is 14506914059 composite?
True
Is 1423453067 a composite number?
True
Is 21482156953 a composite number?
False
Is 10109168611 composite?
True
Is 4385907983 composite?
False
Is 1377703627 a prime number?
True
Is 1468148999 a prime number?
False
Is 645555277 composite?
True
Is 6408478931 a composite number?
True
Is 246564919193 prime?
False
Is 638005813 a composite number?
False
Is 143125246861 a prime number?
True
Is 9306913489 a composite number?
False
Is 18956704123 prime?
False
Is 7952018017 prime?
True
Is 52510682581 composite?
True
Is 1631021419 a composite number?
False
Is 12096432649 a prime number?
False
Is 791559401 a composite number?
False
Is 2927014397 a composite number?
False
Is 9951178201 a composite number?
False
Is 1688171347 prime?
True
Is 463292083 prime?
False
Is 78072757303 composite?
False
Is 2861556703 a composite number?
False
Is 4155651109 a composite number?
True
Is 2428449419 a composite number?
True
Is 10005184921 prime?
True
Is 65475228353 composite?
False
Is 7428929537 composite?
False
Is 9381470521 a prime number?
True
Is 3856720723 composite?
False
Is 315746771 composite?
False
Is 59704239821 prime?
False
Is 1281737053 a prime number?
False
Is 11331414403 a composite number?
False
Is 5052855985 a composite number?
True
Is 7467293839 composite?
True
Is 38282684683 a composite number?
True
Is 2407683209 prime?
True
Is 9993865517 a composite number?
False
Is 771018863 composite?
False
Is 196524091 a prime number?
False
Is 1111651219 a prime number?
False
Is 3638553071 a composite number?
True
Is 35920535773 composite?
False
Is 3661171733 prime?
True
Is 2772838813 a prime number?
False
Is 9807221891 composite?
False
Is 2650593941 a composite number?
False
Is 43702889 a prime number?
False
Is 1701309122 a composite number?
True
Is 15929425579 a prime number?
True
Is 232165282 a composite number?
True
Is 19874342237 a prime number?
False
Is 48755063353 a prime number?
True
Is 61493068597 composite?
True
Is 11646915281 prime?
True
Is 46117007 composite?
False
Is 5301706129 prime?
False
Is 293574211 a composite number?
True
Is 29237954635 a composite number?
True
Is 2470106693 a prime number?
False
Is 24338714051 a prime number?
True
Is 72369019 composite?
False
Is 18527988749 composite?
False
Is 10327256701 prime?
True
Is 280060219 prime?
False
Is 39673787 prime?
True
Is 28454749649 composite?
False
Is 34180577 a prime number?
True
Is 10001878867 prime?
True
Is 2651498771 composite?
False
Is 1917800627 prime?
False
Is 220492459 composite?
True
Is 8502950111 composite?
False
Is 126179911409 a prime number?
False
Is 5654884705 composite?
True
Is 1372740907 a composite number?
True
Is 725804309 a composite number?
False
Is 2411473321 prime?
False
Is 19480877753 a prime number?
True
Is 15056227643 a composite number?
True
Is 1656643363 a composite number?
False
Is 1761581347 composite?
True
Is 23522941723 a prime number?
True
Is 11502649183 a prime number?
True
Is 2459812189 a prime number?
True
Is 4146645749 prime?
False
Is 1575613423 composite?
False
Is 1723486507 a composite number?
False
Is 26177751871 a composite number?
True
Is 10925928289 composite?
True
Is 52275855289 a composite number?
True
Is 606155483 a composite number?
True
Is 63573261701 a prime number?
True
Is 199999697 a prime number?
False
Is 15336011731 a composite number?
False
Is 4011016379 prime?
False
Is 3043907467 a composite number?
False
Is 9389163757 a composite number?
False
Is 1943088079 a prime number?
False
Is 2240007173 prime?
True
Is 1605867703 composite?
True
Is 1356483803 a prime number?
True
Is 2309795039 a composite number?
True
Is 18675454223 a prime number?
True
Is 1500799183 a prime number?
False
Is 524875933 a prime number?
True
Is 74380397965 a prime number?
False
Is 4748963099 a composite number?
False
Is 18226487017 composite?
False
Is 761434273 a prime number?
True
Is 9943028209 a composite number?
False
Is 588141107 a prime number?
True
Is 13616329 a composite number?
False
Is 458230547 prime?
True
Is 12233584707 prime?
False
Is 172882862443 a composite number?
True
Is 27375354863 a prime number?
True
Is 3918463481 a prime number?
False
Is 10025676511 a prime number?
False
Is 1342108441 a prime number?
False
Is 57537186769 a prime number?
True
Is 34414758581 prime?
False
Is 2068666507 composite?
True
Is 12464911909 a composite number?
True
Is 87592649 composite?
True
Is 953344079 composite?
False
Is 3583360973 a prime number?
True
Is 2329732337 a composite number?
True
Is 2308353239 composite?
True
Is 36959770171 a composite number?
True
Is 1511585729 composite?
False
Is 120592733 prime?
True
Is 4422349103 a prime number?
True
Is 38974099943 composite?
True
Is 963243521 composite?
True
Is 38255552417 composite?
False
Is 21170786591 prime?
False
Is 4846061309 a composite number?
False
Is 2668444619 a composite number?
False
Is 10469691269 a prime number?
True
Is 191757949 prime?
False
Is 232048854769 a prime number?
True
Is 5129848319 prime?
True
Is 244320131 a prime number?
False
Is 46457871581 prime?
False
Is 1706693405 a composite number?
True
Is 569584019 prime?
False
Is 464098153 prime?
True
Is 2403831415 composite?
True
Is 37575950591 composite?
False
Is 1986935039 prime?
False
Is 52875523 composite?
True
Is 156037181 composite?
True
Is 3916954862 a prime number?
False
Is 8713839161 a composite number?
False
Is 7197861535 composite?
True
Is 31439253289 composite?
True
Is 5561826353 composite?
True
Is 440407339 composite?
False
Is 1600429849 prime?
False
Is 1049549099 prime?
True
Is 38439283 a composite number?
False
Is 1012356769 a prime number?
True
Is 9027132329 a prime number?
True
Is 10351486889 a prime number?
False
Is 2689841411 prime?
True
Is 2695905341 composite?
False
Is 54889651397 a prime number?
False
Is 73122458173 composite?
True
Is 3263956601 composite?
True
Is 1752052289 a composite number?
True
Is 1149380503 composite?
True
Is 11030848849 a prime number?
True
Is 15289507483 composite?
False
Is 6761936911 prime?
False
Is 63414904283 prime?
False
Is 49178810591 composite?
True
Is 801382649 prime?
True
Is 3782982451 composite?
True
Is 118